CRAN Package Check Results for Package RProtoBuf

Last updated on 2021-09-22 06:48:46 CEST.

Flavor Version Tinstall Tcheck Ttotal Status Flags
r-devel-linux-x86_64-debian-clang 0.4.17 300.26 74.32 374.58 OK
r-devel-linux-x86_64-debian-gcc 0.4.17 196.84 55.27 252.11 OK
r-devel-linux-x86_64-fedora-clang 0.4.17 533.63 NOTE
r-devel-linux-x86_64-fedora-gcc 0.4.17 477.58 OK
r-devel-windows-x86_64 0.4.17 264.00 87.00 351.00 OK
r-devel-windows-x86_64-gcc10-UCRT 0.4.17 ERROR
r-patched-linux-x86_64 0.4.17 239.41 69.99 309.40 OK
r-patched-solaris-x86 0.4.17 382.80 OK
r-release-linux-x86_64 0.4.17 242.34 70.28 312.62 OK
r-release-macos-arm64 0.4.17 NOTE
r-release-macos-x86_64 0.4.17 NOTE
r-release-windows-ix86+x86_64 0.4.17 669.00 146.00 815.00 NOTE
r-oldrel-macos-x86_64 0.4.17 NOTE
r-oldrel-windows-ix86+x86_64 0.4.17 664.00 122.00 786.00 NOTE

Check Details

Version: 0.4.17
Check: installed package size
Result: NOTE
     installed size is 9.4Mb
     sub-directories of 1Mb or more:
     libs 7.5Mb
Flavors: r-devel-linux-x86_64-fedora-clang, r-release-macos-arm64, r-release-macos-x86_64, r-release-windows-ix86+x86_64, r-oldrel-macos-x86_64, r-oldrel-windows-ix86+x86_64

Version: 0.4.17
Check: whether package can be installed
Result: ERROR
    Installation failed.
Flavor: r-devel-windows-x86_64-gcc10-UCRT