CRAN Package Check Results for Package RSiena

Last updated on 2021-09-22 06:48:46 CEST.

Flavor Version Tinstall Tcheck Ttotal Status Flags
r-devel-linux-x86_64-debian-clang 1.3.0 273.59 277.68 551.27 OK
r-devel-linux-x86_64-debian-gcc 1.3.0 193.89 199.01 392.90 OK
r-devel-linux-x86_64-fedora-clang 1.3.0 921.23 NOTE
r-devel-linux-x86_64-fedora-gcc 1.3.0 689.47 OK
r-devel-windows-x86_64 1.3.0 302.00 230.00 532.00 OK
r-devel-windows-x86_64-gcc10-UCRT 1.3.0 ERROR
r-patched-linux-x86_64 1.3.0 247.52 264.23 511.75 OK
r-patched-solaris-x86 1.3.0 1140.50 NOTE
r-release-linux-x86_64 1.3.0 236.13 261.04 497.17 OK
r-release-macos-arm64 1.3.0 NOTE
r-release-macos-x86_64 1.3.0 NOTE
r-release-windows-ix86+x86_64 1.3.0 731.00 438.00 1169.00 NOTE
r-oldrel-macos-x86_64 1.3.0 NOTE
r-oldrel-windows-ix86+x86_64 1.3.0 720.00 333.00 1053.00 NOTE

Additional issues

rchk

Check Details

Version: 1.3.0
Check: installed package size
Result: NOTE
     installed size is 15.1Mb
     sub-directories of 1Mb or more:
     R 1.0Mb
     libs 13.2Mb
Flavors: r-devel-linux-x86_64-fedora-clang, r-patched-solaris-x86, r-release-macos-arm64, r-release-macos-x86_64, r-release-windows-ix86+x86_64, r-oldrel-macos-x86_64, r-oldrel-windows-ix86+x86_64

Version: 1.3.0
Check: whether package can be installed
Result: ERROR
    Installation failed.
Flavor: r-devel-windows-x86_64-gcc10-UCRT