CRAN Package Check Results for Package RStoolbox

Last updated on 2021-11-27 06:50:41 CET.

Flavor Version Tinstall Tcheck Ttotal Status Flags
r-devel-linux-x86_64-debian-clang 0.2.6 OK
r-devel-linux-x86_64-debian-gcc 0.2.6 110.60 420.87 531.47 OK
r-devel-linux-x86_64-fedora-clang 0.2.6 921.51 NOTE
r-devel-linux-x86_64-fedora-gcc 0.2.6 923.18 OK
r-devel-windows-x86_64-new-UL 0.2.6 206.00 631.00 837.00 OK
r-devel-windows-x86_64-new-TK 0.2.6 OK
r-devel-windows-x86_64-old 0.2.6 177.00 465.00 642.00 OK
r-patched-linux-x86_64 0.2.6 132.80 552.84 685.64 OK
r-patched-solaris-x86 0.2.6 977.50 OK
r-release-linux-x86_64 0.2.6 OK
r-release-macos-arm64 0.2.6 NOTE
r-release-macos-x86_64 0.2.6 NOTE
r-release-windows-ix86+x86_64 0.2.6 365.00 992.00 1357.00 OK
r-oldrel-macos-x86_64 0.2.6 NOTE
r-oldrel-windows-ix86+x86_64 0.2.6 378.00 1019.00 1397.00 OK

Check Details

Version: 0.2.6
Check: installed package size
Result: NOTE
     installed size is 5.2Mb
     sub-directories of 1Mb or more:
     libs 3.7Mb
Flavors: r-devel-linux-x86_64-fedora-clang, r-release-macos-arm64, r-release-macos-x86_64, r-oldrel-macos-x86_64