CRAN Package Check Results for Package RTL

Last updated on 2021-10-22 12:59:28 CEST.

Flavor Version Tinstall Tcheck Ttotal Status Flags
r-devel-linux-x86_64-debian-clang 0.1.8 11.25 58.87 70.12 OK
r-devel-linux-x86_64-debian-gcc 0.1.8 10.39 45.56 55.95 OK
r-devel-linux-x86_64-fedora-clang 0.1.8 96.64 NOTE
r-devel-linux-x86_64-fedora-gcc 0.1.8 85.99 NOTE
r-devel-windows-x86_64 0.1.8 21.00 100.00 121.00 OK
r-devel-windows-x86_64-gcc10-UCRT 0.1.8 NOTE
r-patched-linux-x86_64 0.1.8 10.84 56.76 67.60 OK
r-patched-solaris-x86 0.1.8 138.30 NOTE
r-release-linux-x86_64 0.1.8 10.36 56.52 66.88 OK
r-release-macos-arm64 0.1.8 NOTE
r-release-macos-x86_64 0.1.8 NOTE
r-release-windows-ix86+x86_64 0.1.8 23.00 93.00 116.00 OK
r-oldrel-macos-x86_64 0.1.8 NOTE
r-oldrel-windows-ix86+x86_64 0.1.8 22.00 93.00 115.00 OK

Check Details

Version: 0.1.8
Check: package dependencies
Result: NOTE
    Imports includes 24 non-default packages.
    Importing from so many packages makes the package vulnerable to any of
    them becoming unavailable. Move as many as possible to Suggests and
    use conditionally.
Flavor: r-devel-linux-x86_64-fedora-clang

Version: 0.1.8
Check: dependencies in R code
Result: NOTE
    Namespace in Imports field not imported from: ‘tidyverse’
     All declared Imports should be used.
Flavors: r-devel-linux-x86_64-fedora-clang, r-devel-linux-x86_64-fedora-gcc, r-devel-windows-x86_64-gcc10-UCRT, r-patched-solaris-x86, r-release-macos-arm64, r-release-macos-x86_64, r-oldrel-macos-x86_64

Version: 0.1.8
Check: data for non-ASCII characters
Result: NOTE
     Note: found 633 marked UTF-8 strings
Flavors: r-devel-linux-x86_64-fedora-clang, r-devel-linux-x86_64-fedora-gcc, r-devel-windows-x86_64-gcc10-UCRT, r-patched-solaris-x86, r-release-macos-arm64, r-release-macos-x86_64, r-oldrel-macos-x86_64