CRAN Package Check Results for Package RaschSampler

Last updated on 2021-09-27 06:48:34 CEST.

Flavor Version Tinstall Tcheck Ttotal Status Flags
r-devel-linux-x86_64-debian-clang 0.8-8 3.76 25.75 29.51 OK
r-devel-linux-x86_64-debian-gcc 0.8-8 3.12 20.93 24.05 OK
r-devel-linux-x86_64-fedora-clang 0.8-8 47.24 NOTE
r-devel-linux-x86_64-fedora-gcc 0.8-8 35.69 NOTE
r-devel-windows-x86_64 0.8-8 7.00 33.00 40.00 OK
r-devel-windows-x86_64-gcc10-UCRT 0.8-8 OK
r-patched-linux-x86_64 0.8-8 3.90 25.50 29.40 OK
r-patched-solaris-x86 0.8-8 57.00 OK
r-release-linux-x86_64 0.8-8 3.67 25.44 29.11 OK
r-release-macos-arm64 0.8-8 OK
r-release-macos-x86_64 0.8-8 OK
r-release-windows-ix86+x86_64 0.8-8 12.00 50.00 62.00 OK
r-oldrel-macos-x86_64 0.8-8 OK
r-oldrel-windows-ix86+x86_64 0.8-8 10.00 54.00 64.00 OK

Check Details

Version: 0.8-8
Check: compiled code
Result: NOTE
    File ‘RaschSampler/libs/RaschSampler.so’:
     Found no calls to: ‘R_registerRoutines’, ‘R_useDynamicSymbols’
    
    It is good practice to register native routines and to disable symbol
    search.
    
    See ‘Writing portable packages’ in the ‘Writing R Extensions’ manual.
Flavors: r-devel-linux-x86_64-fedora-clang, r-devel-linux-x86_64-fedora-gcc