CRAN Package Check Results for Package RcmdrPlugin.BWS1

Last updated on 2021-09-20 07:50:55 CEST.

Flavor Version Tinstall Tcheck Ttotal Status Flags
r-devel-linux-x86_64-debian-clang 0.1-4 17.55 138.44 155.99 OK
r-devel-linux-x86_64-debian-gcc 0.1-4 14.46 102.81 117.27 OK
r-devel-linux-x86_64-fedora-clang 0.1-4 198.65 OK
r-devel-linux-x86_64-fedora-gcc 0.1-4 186.51 OK
r-devel-windows-x86_64 0.1-4 18.00 115.00 133.00 OK
r-devel-windows-x86_64-gcc10-UCRT 0.1-4 ERROR
r-patched-linux-x86_64 0.1-4 22.00 130.08 152.08 OK
r-patched-solaris-x86 0.1-4 263.20 OK
r-release-linux-x86_64 0.1-4 16.62 130.42 147.04 OK
r-release-macos-arm64 0.1-4 OK
r-release-macos-x86_64 0.1-4 OK
r-release-windows-ix86+x86_64 0.1-4 39.00 160.00 199.00 OK
r-oldrel-macos-x86_64 0.1-4 OK
r-oldrel-windows-ix86+x86_64 0.1-4 39.00 119.00 158.00 OK

Check Details

Version: 0.1-4
Check: whether package can be installed
Result: WARN
    Found the following significant warnings:
     WARNING: installation-time patches will not be applied, could not get the patches index
Flavor: r-devel-windows-x86_64-gcc10-UCRT

Version: 0.1-4
Check: PDF version of manual
Result: WARN
    LaTeX errors when creating PDF version.
    This typically indicates Rd problems.
Flavor: r-devel-windows-x86_64-gcc10-UCRT

Version: 0.1-4
Check: PDF version of manual without hyperrefs or index
Result: ERROR
    Re-running with no redirection of stdout/stderr.
Flavor: r-devel-windows-x86_64-gcc10-UCRT