CRAN Package Check Results for Package RcmdrPlugin.SCDA

Last updated on 2022-01-18 06:52:58 CET.

Flavor Version Tinstall Tcheck Ttotal Status Flags
r-devel-linux-x86_64-debian-clang 1.2.0 20.14 140.25 160.39 OK
r-devel-linux-x86_64-debian-gcc 1.2.0 18.05 115.74 133.79 OK
r-devel-linux-x86_64-fedora-clang 1.2.0 200.45 OK
r-devel-linux-x86_64-fedora-gcc 1.2.0 188.30 OK
r-devel-windows-x86_64-new-UL 1.2.0 87.00 161.00 248.00 OK
r-devel-windows-x86_64-new-TK 1.2.0 ERROR
r-patched-linux-x86_64 1.2.0 19.64 133.82 153.46 OK
r-release-linux-x86_64 1.2.0 OK
r-release-macos-arm64 1.2.0 OK
r-release-macos-x86_64 1.2.0 OK
r-release-windows-ix86+x86_64 1.2.0 43.00 147.00 190.00 OK
r-oldrel-macos-x86_64 1.2.0 OK
r-oldrel-windows-ix86+x86_64 1.2.0 43.00 156.00 199.00 OK

Check Details

Version: 1.2.0
Check: package dependencies
Result: ERROR
    Package required but not available: 'Rcmdr'
    
    See section 'The DESCRIPTION file' in the 'Writing R Extensions'
    manual.
Flavor: r-devel-windows-x86_64-new-TK