CRAN Package Check Results for Package RcmdrPlugin.WorldFlora

Last updated on 2022-01-18 06:52:58 CET.

Flavor Version Tinstall Tcheck Ttotal Status Flags
r-devel-linux-x86_64-debian-clang 1.1 16.90 128.37 145.27 OK
r-devel-linux-x86_64-debian-gcc 1.1 14.65 106.23 120.88 OK
r-devel-linux-x86_64-fedora-clang 1.1 182.33 OK
r-devel-linux-x86_64-fedora-gcc 1.1 170.83 OK
r-devel-windows-x86_64-new-UL 1.1 91.00 153.00 244.00 OK
r-devel-windows-x86_64-new-TK 1.1 ERROR
r-patched-linux-x86_64 1.1 15.23 124.11 139.34 OK
r-release-linux-x86_64 1.1 OK
r-release-macos-arm64 1.1 OK
r-release-macos-x86_64 1.1 OK
r-release-windows-ix86+x86_64 1.1 36.00 137.00 173.00 OK
r-oldrel-macos-x86_64 1.1 OK
r-oldrel-windows-ix86+x86_64 1.1 37.00 146.00 183.00 OK

Check Details

Version: 1.1
Check: package dependencies
Result: ERROR
    Package required but not available: 'Rcmdr'
    
    See section 'The DESCRIPTION file' in the 'Writing R Extensions'
    manual.
Flavor: r-devel-windows-x86_64-new-TK