Last updated on 2025-06-23 01:49:28 CEST.
Flavor | Version | Tinstall | Tcheck | Ttotal | Status | Flags |
---|---|---|---|---|---|---|
r-devel-linux-x86_64-debian-clang | 0.7.12 | 23.71 | 172.34 | 196.05 | OK | |
r-devel-linux-x86_64-debian-gcc | 0.7.12 | 19.34 | 129.67 | 149.01 | OK | |
r-devel-linux-x86_64-fedora-clang | 0.7.12 | 308.31 | OK | |||
r-devel-linux-x86_64-fedora-gcc | 0.7.12 | 294.50 | OK | |||
r-devel-windows-x86_64 | 0.7.12 | 39.00 | 271.00 | 310.00 | OK | |
r-patched-linux-x86_64 | 0.7.12 | 26.86 | 171.46 | 198.32 | OK | |
r-release-linux-x86_64 | 0.7.12 | 27.95 | 171.74 | 199.69 | OK | |
r-release-macos-arm64 | 0.7.12 | 82.00 | OK | |||
r-release-macos-x86_64 | 0.7.12 | 120.00 | OK | |||
r-release-windows-x86_64 | 0.7.12 | 25.00 | 185.00 | 210.00 | OK | |
r-oldrel-macos-arm64 | 0.7.12 | 131.00 | NOTE | |||
r-oldrel-macos-x86_64 | 0.7.12 | 121.00 | NOTE | |||
r-oldrel-windows-x86_64 | 0.7.12 | 32.00 | 198.00 | 230.00 | NOTE |
Version: 0.7.12
Check: package dependencies
Result: NOTE
Package suggested but not available for checking: ‘ROpenOffice’
Flavors: r-oldrel-macos-arm64, r-oldrel-macos-x86_64, r-oldrel-windows-x86_64