CRAN Package Check Results for Package Rcplex

Last updated on 2021-09-17 06:48:54 CEST.

Flavor Version Tinstall Tcheck Ttotal Status Flags
r-devel-linux-x86_64-debian-clang 0.3-3 2.40 27.17 29.57 WARN --install=fake --no-examples --no-tests --no-vignettes
r-devel-linux-x86_64-debian-gcc 0.3-3 2.07 20.98 23.05 WARN --install=fake --no-examples --no-tests --no-vignettes
r-devel-windows-x86_64 0.3-3 1.00 8.00 9.00 ERROR
r-devel-windows-x86_64-gcc10-UCRT 0.3-3 OK --install=fake
r-patched-linux-x86_64 0.3-3 2.47 25.90 28.37 WARN --no-examples --no-tests --no-vignettes
r-release-linux-x86_64 0.3-3 2.40 25.84 28.24 WARN --no-examples --no-tests --no-vignettes
r-release-macos-arm64 0.3-3 ERROR
r-release-macos-x86_64 0.3-3 ERROR
r-oldrel-macos-x86_64 0.3-3 ERROR
r-oldrel-windows-ix86+x86_64 0.3-3 2.00 6.00 8.00 ERROR

Check Details

Version: 0.3-3
Flags: --install=fake --no-examples --no-tests --no-vignettes
Check: top-level files
Result: WARN
     Output from running autoreconf:
     configure.ac:183: warning: AC_OUTPUT should be used without arguments.
     configure.ac:183: You should run autoupdate.
Flavors: r-devel-linux-x86_64-debian-clang, r-devel-linux-x86_64-debian-gcc

Version: 0.3-3
Check: whether package can be installed
Result: ERROR
    Installation failed.
Flavors: r-devel-windows-x86_64, r-release-macos-arm64, r-release-macos-x86_64, r-oldrel-macos-x86_64, r-oldrel-windows-ix86+x86_64

Version: 0.3-3
Flags: --no-examples --no-tests --no-vignettes
Check: top-level files
Result: WARN
     Output from running autoreconf:
     configure.ac:183: warning: AC_OUTPUT should be used without arguments.
     configure.ac:183: You should run autoupdate.
Flavors: r-patched-linux-x86_64, r-release-linux-x86_64