CRAN Package Check Results for Package RcppBigIntAlgos

Last updated on 2021-09-21 06:48:45 CEST.

Flavor Version Tinstall Tcheck Ttotal Status Flags
r-devel-linux-x86_64-debian-clang 1.0.1 107.34 85.22 192.56 OK
r-devel-linux-x86_64-debian-gcc 1.0.1 65.02 72.30 137.32 OK
r-devel-linux-x86_64-fedora-clang 1.0.1 270.89 NOTE
r-devel-linux-x86_64-fedora-gcc 1.0.1 246.74 OK
r-devel-windows-x86_64 1.0.1 94.00 91.00 185.00 OK
r-devel-windows-x86_64-gcc10-UCRT 1.0.1 ERROR
r-patched-linux-x86_64 1.0.1 85.71 88.25 173.96 OK
r-patched-solaris-x86 1.0.1 298.80 OK
r-release-linux-x86_64 1.0.1 79.38 87.14 166.52 OK
r-release-macos-arm64 1.0.1 NOTE
r-release-macos-x86_64 1.0.1 NOTE
r-release-windows-ix86+x86_64 1.0.1 244.00 198.00 442.00 OK
r-oldrel-macos-x86_64 1.0.1 NOTE
r-oldrel-windows-ix86+x86_64 1.0.1 244.00 173.00 417.00 OK

Check Details

Version: 1.0.1
Check: installed package size
Result: NOTE
     installed size is 5.1Mb
     sub-directories of 1Mb or more:
     libs 4.8Mb
Flavors: r-devel-linux-x86_64-fedora-clang, r-release-macos-arm64, r-release-macos-x86_64, r-oldrel-macos-x86_64

Version: 1.0.1
Check: whether package can be installed
Result: ERROR
    Installation failed.
Flavor: r-devel-windows-x86_64-gcc10-UCRT