CRAN Package Check Results for Package RcppDL

Last updated on 2021-09-24 06:48:38 CEST.

Flavor Version Tinstall Tcheck Ttotal Status Flags
r-devel-linux-x86_64-debian-clang 0.0.5 59.59 50.23 109.82 OK
r-devel-linux-x86_64-debian-gcc 0.0.5 38.11 38.73 76.84 OK
r-devel-linux-x86_64-fedora-clang 0.0.5 160.74 NOTE
r-devel-linux-x86_64-fedora-gcc 0.0.5 137.79 NOTE
r-devel-windows-x86_64 0.0.5 50.00 66.00 116.00 OK
r-devel-windows-x86_64-gcc10-UCRT 0.0.5 OK
r-patched-linux-x86_64 0.0.5 42.24 49.10 91.34 OK
r-patched-solaris-x86 0.0.5 152.20 OK
r-release-linux-x86_64 0.0.5 44.53 49.23 93.76 OK
r-release-macos-arm64 0.0.5 NOTE
r-release-macos-x86_64 0.0.5 OK
r-release-windows-ix86+x86_64 0.0.5 135.00 106.00 241.00 OK
r-oldrel-macos-x86_64 0.0.5 OK
r-oldrel-windows-ix86+x86_64 0.0.5 100.00 87.00 187.00 OK

Check Details

Version: 0.0.5
Check: compiled code
Result: NOTE
    File ‘RcppDL/libs/RcppDL.so’:
     Found no calls to: ‘R_registerRoutines’, ‘R_useDynamicSymbols’
    
    It is good practice to register native routines and to disable symbol
    search.
    
    See ‘Writing portable packages’ in the ‘Writing R Extensions’ manual.
Flavors: r-devel-linux-x86_64-fedora-clang, r-devel-linux-x86_64-fedora-gcc

Version: 0.0.5
Check: installed package size
Result: NOTE
     installed size is 5.3Mb
     sub-directories of 1Mb or more:
     libs 5.1Mb
Flavor: r-release-macos-arm64