CRAN Package Check Results for Package RcppDist

Last updated on 2021-10-22 12:59:26 CEST.

Flavor Version Tinstall Tcheck Ttotal Status Flags
r-devel-linux-x86_64-debian-clang 0.1.1 54.79 34.44 89.23 NOTE
r-devel-linux-x86_64-debian-gcc 0.1.1 40.67 27.65 68.32 NOTE
r-devel-linux-x86_64-fedora-clang 0.1.1 132.11 NOTE
r-devel-linux-x86_64-fedora-gcc 0.1.1 117.72 NOTE
r-devel-windows-x86_64 0.1.1 66.00 88.00 154.00 NOTE
r-devel-windows-x86_64-gcc10-UCRT 0.1.1 NOTE
r-patched-linux-x86_64 0.1.1 43.00 33.65 76.65 NOTE
r-patched-solaris-x86 0.1.1 118.40 NOTE
r-release-linux-x86_64 0.1.1 49.70 33.08 82.78 NOTE
r-release-macos-arm64 0.1.1 NOTE
r-release-macos-x86_64 0.1.1 NOTE
r-release-windows-ix86+x86_64 0.1.1 96.00 89.00 185.00 NOTE
r-oldrel-macos-x86_64 0.1.1 OK
r-oldrel-windows-ix86+x86_64 0.1.1 132.00 99.00 231.00 OK

Check Details

Version: 0.1.1
Check: LazyData
Result: NOTE
     'LazyData' is specified without a 'data' directory
Flavors: r-devel-linux-x86_64-debian-clang, r-devel-linux-x86_64-debian-gcc, r-devel-linux-x86_64-fedora-clang, r-devel-linux-x86_64-fedora-gcc, r-devel-windows-x86_64, r-devel-windows-x86_64-gcc10-UCRT, r-patched-linux-x86_64, r-patched-solaris-x86, r-release-linux-x86_64, r-release-macos-arm64, r-release-macos-x86_64, r-release-windows-ix86+x86_64

Version: 0.1.1
Check: installed package size
Result: NOTE
     installed size is 5.2Mb
     sub-directories of 1Mb or more:
     libs 4.7Mb
Flavor: r-release-macos-arm64