Last updated on 2023-05-28 01:54:06 CEST.
Flavor | Version | Tinstall | Tcheck | Ttotal | Status | Flags |
---|---|---|---|---|---|---|
r-devel-linux-x86_64-debian-clang | 0.4-5 | 46.75 | 91.21 | 137.96 | NOTE | |
r-devel-linux-x86_64-debian-gcc | 0.4-5 | 33.46 | 68.96 | 102.42 | NOTE | |
r-devel-linux-x86_64-fedora-clang | 0.4-5 | 183.37 | NOTE | |||
r-devel-linux-x86_64-fedora-gcc | 0.4-5 | 189.77 | NOTE | |||
r-devel-windows-x86_64 | 0.4-5 | 36.00 | 102.00 | 138.00 | NOTE | |
r-patched-linux-x86_64 | 0.4-5 | 37.78 | 86.28 | 124.06 | NOTE | |
r-release-linux-x86_64 | 0.4-5 | 38.54 | 86.29 | 124.83 | NOTE | |
r-release-macos-arm64 | 0.4-5 | 50.00 | NOTE | |||
r-release-macos-x86_64 | 0.4-5 | 82.00 | NOTE | |||
r-release-windows-x86_64 | 0.4-5 | 45.00 | 126.00 | 171.00 | NOTE | |
r-oldrel-macos-arm64 | 0.4-5 | 46.00 | OK | |||
r-oldrel-macos-x86_64 | 0.4-5 | 65.00 | OK | |||
r-oldrel-windows-x86_64 | 0.4-5 | 45.00 | 116.00 | 161.00 | OK |
Version: 0.4-5
Check: C++ specification
Result: NOTE
Specified C++11: please drop specification unless essential
Flavors: r-devel-linux-x86_64-debian-clang, r-devel-linux-x86_64-debian-gcc, r-devel-linux-x86_64-fedora-clang, r-devel-linux-x86_64-fedora-gcc, r-devel-windows-x86_64, r-patched-linux-x86_64, r-release-linux-x86_64, r-release-macos-arm64, r-release-macos-x86_64, r-release-windows-x86_64