CRAN Package Check Results for Package Riex

Last updated on 2021-09-22 06:48:45 CEST.

Flavor Version Tinstall Tcheck Ttotal Status Flags
r-devel-linux-x86_64-debian-clang 1.0.2 7.00 68.84 75.84 OK
r-devel-linux-x86_64-debian-gcc 1.0.2 5.37 51.82 57.19 OK
r-devel-linux-x86_64-fedora-clang 1.0.2 100.77 OK
r-devel-linux-x86_64-fedora-gcc 1.0.2 86.70 OK
r-devel-windows-x86_64 1.0.2 9.00 70.00 79.00 OK
r-devel-windows-x86_64-gcc10-UCRT 1.0.2 ERROR
r-patched-linux-x86_64 1.0.2 6.95 63.63 70.58 OK
r-patched-solaris-x86 1.0.2 137.50 OK
r-release-linux-x86_64 1.0.2 6.52 63.44 69.96 OK
r-release-macos-arm64 1.0.2 OK
r-release-macos-x86_64 1.0.2 OK
r-release-windows-ix86+x86_64 1.0.2 17.00 92.00 109.00 OK
r-oldrel-macos-x86_64 1.0.2 OK
r-oldrel-windows-ix86+x86_64 1.0.2 18.00 94.00 112.00 OK

Check Details

Version: 1.0.2
Check: PDF version of manual
Result: WARN
    LaTeX errors when creating PDF version.
    This typically indicates Rd problems.
Flavor: r-devel-windows-x86_64-gcc10-UCRT

Version: 1.0.2
Check: PDF version of manual without hyperrefs or index
Result: ERROR
    Re-running with no redirection of stdout/stderr.
Flavor: r-devel-windows-x86_64-gcc10-UCRT