CRAN Package Check Results for Package Rmagic

Last updated on 2021-09-17 06:48:55 CEST.

Flavor Version Tinstall Tcheck Ttotal Status Flags
r-devel-linux-x86_64-debian-clang 2.0.3 10.40 100.03 110.43 OK
r-devel-linux-x86_64-debian-gcc 2.0.3 8.23 74.62 82.85 OK
r-devel-linux-x86_64-fedora-clang 2.0.3 158.61 OK
r-devel-linux-x86_64-fedora-gcc 2.0.3 144.07 OK
r-devel-windows-x86_64 2.0.3 14.00 14.00 28.00 ERROR
r-devel-windows-x86_64-gcc10-UCRT 2.0.3 OK
r-patched-linux-x86_64 2.0.3 9.97 94.84 104.81 OK
r-patched-solaris-x86 2.0.3 184.30 OK
r-release-linux-x86_64 2.0.3 9.87 95.29 105.16 OK
r-release-macos-arm64 2.0.3 OK
r-release-macos-x86_64 2.0.3 OK
r-release-windows-ix86+x86_64 2.0.3 29.00 149.00 178.00 OK
r-oldrel-macos-x86_64 2.0.3 OK
r-oldrel-windows-ix86+x86_64 2.0.3 20.00 13.00 33.00 ERROR

Check Details

Version: 2.0.3
Check: whether the package can be loaded
Result: ERROR
    Loading this package had a fatal error status code 1
    Loading log:
    Loading required package: Matrix
    Error: package or namespace load failed for 'Rmagic':
     .onLoad failed in loadNamespace() for 'Rmagic', details:
     call: NULL
     error: lexical error: invalid char in json text.
     NA
     (right here) ------^
    Execution halted
Flavors: r-devel-windows-x86_64, r-oldrel-windows-ix86+x86_64