CRAN Package Check Results for Package RobPer

Last updated on 2021-09-22 06:48:46 CEST.

Flavor Version Tinstall Tcheck Ttotal Status Flags
r-devel-linux-x86_64-debian-clang 1.2.2 11.95 164.23 176.18 OK
r-devel-linux-x86_64-debian-gcc 1.2.2 9.45 124.34 133.79 OK
r-devel-linux-x86_64-fedora-clang 1.2.2 215.77 OK
r-devel-linux-x86_64-fedora-gcc 1.2.2 204.99 OK
r-devel-windows-x86_64 1.2.2 12.00 137.00 149.00 OK
r-devel-windows-x86_64-gcc10-UCRT 1.2.2 ERROR
r-patched-linux-x86_64 1.2.2 10.70 160.89 171.59 OK
r-patched-solaris-x86 1.2.2 276.70 OK
r-release-linux-x86_64 1.2.2 8.77 159.26 168.03 OK
r-release-macos-arm64 1.2.2 OK
r-release-macos-x86_64 1.2.2 OK
r-release-windows-ix86+x86_64 1.2.2 22.00 188.00 210.00 OK
r-oldrel-macos-x86_64 1.2.2 OK
r-oldrel-windows-ix86+x86_64 1.2.2 23.00 129.00 152.00 OK

Check Details

Version: 1.2.2
Check: PDF version of manual
Result: WARN
    LaTeX errors when creating PDF version.
    This typically indicates Rd problems.
Flavor: r-devel-windows-x86_64-gcc10-UCRT

Version: 1.2.2
Check: PDF version of manual without hyperrefs or index
Result: ERROR
    Re-running with no redirection of stdout/stderr.
Flavor: r-devel-windows-x86_64-gcc10-UCRT