CRAN Package Check Results for Package Rprofet

Last updated on 2021-10-27 04:00:23 CEST.

Flavor Version Tinstall Tcheck Ttotal Status Flags
r-devel-linux-x86_64-debian-clang 2.2.1 6.54 80.94 87.48 NOTE
r-devel-linux-x86_64-debian-gcc 2.2.1 5.21 60.12 65.33 NOTE
r-devel-linux-x86_64-fedora-clang 2.2.1 117.44 NOTE
r-devel-linux-x86_64-fedora-gcc 2.2.1 102.97 NOTE
r-devel-windows-x86_64 2.2.1 13.00 101.00 114.00 NOTE
r-devel-windows-x86_64-gcc10-UCRT 2.2.1 NOTE
r-patched-linux-x86_64 2.2.1 6.80 75.44 82.24 NOTE
r-patched-solaris-x86 2.2.1 144.10 NOTE
r-release-linux-x86_64 2.2.1 6.42 75.57 81.99 NOTE
r-release-macos-arm64 2.2.1 NOTE
r-release-macos-x86_64 2.2.1 NOTE
r-release-windows-ix86+x86_64 2.2.1 12.00 101.00 113.00 NOTE
r-oldrel-macos-x86_64 2.2.1 OK
r-oldrel-windows-ix86+x86_64 2.2.1 17.00 103.00 120.00 OK

Check Details

Version: 2.2.1
Check: LazyData
Result: NOTE
     'LazyData' is specified without a 'data' directory
Flavors: r-devel-linux-x86_64-debian-clang, r-devel-linux-x86_64-debian-gcc, r-devel-linux-x86_64-fedora-clang, r-devel-linux-x86_64-fedora-gcc, r-devel-windows-x86_64, r-devel-windows-x86_64-gcc10-UCRT, r-patched-linux-x86_64, r-patched-solaris-x86, r-release-linux-x86_64, r-release-macos-arm64, r-release-macos-x86_64, r-release-windows-ix86+x86_64