CRAN Package Check Results for Package SAR

Last updated on 2021-09-19 06:49:25 CEST.

Flavor Version Tinstall Tcheck Ttotal Status Flags
r-devel-linux-x86_64-debian-clang 1.0.3 79.48 90.64 170.12 NOTE
r-devel-linux-x86_64-debian-gcc 1.0.3 53.26 68.09 121.35 NOTE
r-devel-linux-x86_64-fedora-clang 1.0.3 225.55 NOTE
r-devel-linux-x86_64-fedora-gcc 1.0.3 210.41 NOTE
r-devel-windows-x86_64 1.0.3 72.00 97.00 169.00 NOTE
r-devel-windows-x86_64-gcc10-UCRT 1.0.3 ERROR
r-patched-linux-x86_64 1.0.3 66.98 84.73 151.71 NOTE
r-patched-solaris-x86 1.0.3 226.30 NOTE
r-release-linux-x86_64 1.0.3 65.22 84.20 149.42 NOTE
r-release-macos-arm64 1.0.3 NOTE
r-release-macos-x86_64 1.0.3 NOTE
r-release-windows-ix86+x86_64 1.0.3 182.00 170.00 352.00 NOTE
r-oldrel-macos-x86_64 1.0.3 NOTE
r-oldrel-windows-ix86+x86_64 1.0.3 187.00 120.00 307.00 NOTE

Check Details

Version: 1.0.3
Check: for GNU extensions in Makefiles
Result: NOTE
    GNU make is a SystemRequirements.
Flavors: r-devel-linux-x86_64-debian-clang, r-devel-linux-x86_64-debian-gcc, r-devel-linux-x86_64-fedora-clang, r-devel-linux-x86_64-fedora-gcc, r-devel-windows-x86_64, r-patched-linux-x86_64, r-patched-solaris-x86, r-release-linux-x86_64, r-release-macos-arm64, r-release-macos-x86_64, r-release-windows-ix86+x86_64, r-oldrel-macos-x86_64, r-oldrel-windows-ix86+x86_64

Version: 1.0.3
Check: dependencies in R code
Result: NOTE
    Namespaces in Imports field not imported from:
     ‘httr’ ‘jsonlite’
     All declared Imports should be used.
Flavors: r-devel-linux-x86_64-fedora-clang, r-devel-linux-x86_64-fedora-gcc, r-patched-solaris-x86, r-release-macos-arm64, r-release-macos-x86_64, r-oldrel-macos-x86_64

Version: 1.0.3
Check: whether package can be installed
Result: ERROR
    Installation failed.
Flavor: r-devel-windows-x86_64-gcc10-UCRT