CRAN Package Check Results for Package SBdecomp

Last updated on 2021-09-19 06:49:25 CEST.

Flavor Version Tinstall Tcheck Ttotal Status Flags
r-devel-linux-x86_64-debian-clang 1.1 11.54 106.34 117.88 OK
r-devel-linux-x86_64-debian-gcc 1.1 8.88 79.30 88.18 OK
r-devel-linux-x86_64-fedora-clang 1.1 146.55 OK
r-devel-linux-x86_64-fedora-gcc 1.1 137.25 OK
r-devel-windows-x86_64 1.1 13.00 113.00 126.00 OK
r-devel-windows-x86_64-gcc10-UCRT 1.1 ERROR
r-patched-linux-x86_64 1.1 11.21 99.45 110.66 OK
r-patched-solaris-x86 1.1 196.50 OK
r-release-linux-x86_64 1.1 12.45 99.36 111.81 OK
r-release-macos-arm64 1.1 OK
r-release-macos-x86_64 1.1 OK
r-release-windows-ix86+x86_64 1.1 26.00 132.00 158.00 OK
r-oldrel-macos-x86_64 1.1 OK
r-oldrel-windows-ix86+x86_64 1.1 31.00 94.00 125.00 OK

Check Details

Version: 1.1
Check: whether package can be installed
Result: WARN
    Found the following significant warnings:
     WARNING: installation-time patches will not be applied, could not get the patches index
Flavor: r-devel-windows-x86_64-gcc10-UCRT

Version: 1.1
Check: PDF version of manual
Result: WARN
    LaTeX errors when creating PDF version.
    This typically indicates Rd problems.
Flavor: r-devel-windows-x86_64-gcc10-UCRT

Version: 1.1
Check: PDF version of manual without hyperrefs or index
Result: ERROR
    Re-running with no redirection of stdout/stderr.
Flavor: r-devel-windows-x86_64-gcc10-UCRT