Last updated on 2025-06-23 01:49:30 CEST.
Flavor | Version | Tinstall | Tcheck | Ttotal | Status | Flags |
---|---|---|---|---|---|---|
r-devel-linux-x86_64-debian-clang | 1.0.2 | 8.25 | 64.42 | 72.67 | OK | |
r-devel-linux-x86_64-debian-gcc | 1.0.2 | 5.91 | 48.58 | 54.49 | OK | |
r-devel-linux-x86_64-fedora-clang | 1.0.2 | 115.80 | NOTE | |||
r-devel-linux-x86_64-fedora-gcc | 1.0.2 | 97.84 | NOTE | |||
r-devel-windows-x86_64 | 1.0.2 | 9.00 | 75.00 | 84.00 | OK | |
r-patched-linux-x86_64 | 1.0.2 | 6.38 | 63.39 | 69.77 | OK | |
r-release-linux-x86_64 | 1.0.2 | 6.96 | 62.49 | 69.45 | OK | |
r-release-macos-arm64 | 1.0.2 | 35.00 | OK | |||
r-release-macos-x86_64 | 1.0.2 | 65.00 | OK | |||
r-release-windows-x86_64 | 1.0.2 | 9.00 | 76.00 | 85.00 | OK | |
r-oldrel-macos-arm64 | 1.0.2 | 36.00 | OK | |||
r-oldrel-macos-x86_64 | 1.0.2 | 82.00 | OK | |||
r-oldrel-windows-x86_64 | 1.0.2 | 11.00 | 95.00 | 106.00 | OK |
Version: 1.0.2
Check: dependencies in R code
Result: NOTE
Namespace in Imports field not imported from: ‘RhpcBLASctl’
All declared Imports should be used.
Flavors: r-devel-linux-x86_64-fedora-clang, r-devel-linux-x86_64-fedora-gcc