Last updated on 2023-05-28 01:54:08 CEST.
Flavor | Version | Tinstall | Tcheck | Ttotal | Status | Flags |
---|---|---|---|---|---|---|
r-devel-linux-x86_64-debian-clang | 0.7.22 | 11.02 | 83.46 | 94.48 | NOTE | |
r-devel-linux-x86_64-debian-gcc | 0.7.22 | 7.69 | 61.38 | 69.07 | NOTE | |
r-devel-linux-x86_64-fedora-clang | 0.7.22 | 120.93 | NOTE | |||
r-devel-linux-x86_64-fedora-gcc | 0.7.22 | 143.57 | NOTE | |||
r-devel-windows-x86_64 | 0.7.22 | 10.00 | 91.00 | 101.00 | NOTE | |
r-patched-linux-x86_64 | 0.7.22 | 8.94 | 78.21 | 87.15 | NOTE | |
r-release-linux-x86_64 | 0.7.22 | 10.16 | 77.15 | 87.31 | NOTE | |
r-release-macos-arm64 | 0.7.22 | 48.00 | NOTE | |||
r-release-macos-x86_64 | 0.7.22 | 76.00 | NOTE | |||
r-release-windows-x86_64 | 0.7.22 | 13.00 | 97.00 | 110.00 | NOTE | |
r-oldrel-macos-arm64 | 0.7.22 | 42.00 | OK | |||
r-oldrel-macos-x86_64 | 0.7.22 | 80.00 | OK | |||
r-oldrel-windows-x86_64 | 0.7.22 | 12.00 | 93.00 | 105.00 | OK |
Version: 0.7.22
Check: package subdirectories
Result: NOTE
Problems with news in ‘NEWS.md’:
No news entries found.
Flavors: r-devel-linux-x86_64-debian-clang, r-devel-linux-x86_64-debian-gcc, r-devel-linux-x86_64-fedora-clang, r-devel-linux-x86_64-fedora-gcc, r-devel-windows-x86_64, r-patched-linux-x86_64, r-release-linux-x86_64, r-release-macos-arm64, r-release-macos-x86_64, r-release-windows-x86_64