Last updated on 2025-01-26 00:49:34 CET.
Flavor | Version | Tinstall | Tcheck | Ttotal | Status | Flags |
---|---|---|---|---|---|---|
r-devel-linux-x86_64-debian-clang | 0.1.0 | 14.84 | 105.21 | 120.05 | WARN | |
r-devel-linux-x86_64-debian-gcc | 1.0.0 | 9.23 | 83.44 | 92.67 | OK | |
r-devel-linux-x86_64-fedora-clang | 0.1.0 | 183.18 | WARN | |||
r-devel-linux-x86_64-fedora-gcc | 1.0.0 | 191.73 | OK | |||
r-devel-windows-x86_64 | 0.1.0 | 13.00 | 106.00 | 119.00 | WARN | |
r-patched-linux-x86_64 | 1.0.0 | 13.44 | 106.47 | 119.91 | OK | |
r-release-linux-x86_64 | 0.1.0 | 12.12 | 99.91 | 112.03 | WARN | |
r-release-macos-arm64 | 0.1.0 | 53.00 | OK | |||
r-release-macos-x86_64 | 1.0.0 | 101.00 | OK | |||
r-release-windows-x86_64 | 1.0.0 | 14.00 | 118.00 | 132.00 | OK | |
r-oldrel-macos-arm64 | 0.1.0 | 56.00 | OK | |||
r-oldrel-macos-x86_64 | 0.1.0 | 107.00 | OK | |||
r-oldrel-windows-x86_64 | 1.0.0 | 14.00 | 151.00 | 165.00 | OK |
Version: 0.1.0
Check: dependencies in R code
Result: WARN
Missing or unexported object: ‘shapr::shapr’
Flavors: r-devel-linux-x86_64-debian-clang, r-devel-linux-x86_64-fedora-clang, r-devel-windows-x86_64, r-release-linux-x86_64