CRAN Package Check Results for Package SPARTAAS

Last updated on 2021-09-20 07:51:03 CEST.

Flavor Version Tinstall Tcheck Ttotal Status Flags
r-devel-linux-x86_64-debian-clang 1.0.0 28.17 249.72 277.89 OK
r-devel-linux-x86_64-debian-gcc 1.0.0 23.25 186.66 209.91 OK
r-devel-linux-x86_64-fedora-clang 1.0.0 337.02 NOTE
r-devel-linux-x86_64-fedora-gcc 1.0.0 324.78 OK
r-devel-windows-x86_64 1.0.0 33.00 219.00 252.00 OK
r-devel-windows-x86_64-gcc10-UCRT 1.0.0 ERROR
r-patched-linux-x86_64 1.0.0 29.49 234.94 264.43 OK
r-patched-solaris-x86 1.0.0 484.10 OK
r-release-linux-x86_64 1.0.0 26.26 232.44 258.70 OK
r-release-macos-arm64 1.0.0 OK
r-release-macos-x86_64 1.0.0 OK
r-release-windows-ix86+x86_64 1.0.0 80.00 340.00 420.00 OK
r-oldrel-macos-x86_64 1.0.0 OK
r-oldrel-windows-ix86+x86_64 1.0.0 74.00 316.00 390.00 OK

Check Details

Version: 1.0.0
Check: package dependencies
Result: NOTE
    Imports includes 30 non-default packages.
    Importing from so many packages makes the package vulnerable to any of
    them becoming unavailable. Move as many as possible to Suggests and
    use conditionally.
Flavor: r-devel-linux-x86_64-fedora-clang

Version: 1.0.0
Check: whether package can be installed
Result: WARN
    Found the following significant warnings:
     WARNING: installation-time patches will not be applied, could not get the patches index
Flavor: r-devel-windows-x86_64-gcc10-UCRT

Version: 1.0.0
Check: PDF version of manual
Result: WARN
    LaTeX errors when creating PDF version.
    This typically indicates Rd problems.
Flavor: r-devel-windows-x86_64-gcc10-UCRT

Version: 1.0.0
Check: PDF version of manual without hyperrefs or index
Result: ERROR
    Re-running with no redirection of stdout/stderr.
Flavor: r-devel-windows-x86_64-gcc10-UCRT