CRAN Package Check Results for Package SPOT

Last updated on 2021-09-21 06:48:53 CEST.

Flavor Version Tinstall Tcheck Ttotal Status Flags
r-devel-linux-x86_64-debian-clang 2.5.8 19.92 380.73 400.65 OK
r-devel-linux-x86_64-debian-gcc 2.5.8 15.62 277.61 293.23 OK
r-devel-linux-x86_64-fedora-clang 2.5.8 461.43 OK
r-devel-linux-x86_64-fedora-gcc 2.5.8 449.60 OK
r-devel-windows-x86_64 2.5.8 23.00 328.00 351.00 OK
r-devel-windows-x86_64-gcc10-UCRT 2.5.8 ERROR
r-patched-linux-x86_64 2.5.8 21.77 354.55 376.32 OK
r-patched-solaris-x86 2.5.8 595.40 OK
r-release-linux-x86_64 2.5.8 19.84 354.67 374.51 OK
r-release-macos-arm64 2.5.8 OK
r-release-macos-x86_64 2.5.8 OK
r-release-windows-ix86+x86_64 2.5.8 42.00 457.00 499.00 OK
r-oldrel-macos-x86_64 2.5.8 OK
r-oldrel-windows-ix86+x86_64 2.5.8 43.00 436.00 479.00 OK

Check Details

Version: 2.5.8
Check: package dependencies
Result: NOTE
    Package suggested but not available for checking: 'OpenML'
Flavor: r-devel-windows-x86_64-gcc10-UCRT

Version: 2.5.8
Check: whether package can be installed
Result: WARN
    Found the following significant warnings:
     WARNING: installation-time patches will not be applied, could not get the patches index
Flavor: r-devel-windows-x86_64-gcc10-UCRT

Version: 2.5.8
Check: PDF version of manual
Result: WARN
    LaTeX errors when creating PDF version.
    This typically indicates Rd problems.
Flavor: r-devel-windows-x86_64-gcc10-UCRT

Version: 2.5.8
Check: PDF version of manual without hyperrefs or index
Result: ERROR
    Re-running with no redirection of stdout/stderr.
Flavor: r-devel-windows-x86_64-gcc10-UCRT