CRAN Package Check Results for Package SSDM

Last updated on 2021-10-22 12:59:30 CEST.

Flavor Version Tinstall Tcheck Ttotal Status Flags
r-devel-linux-x86_64-debian-clang 0.2.8 43.27 535.80 579.07 OK
r-devel-linux-x86_64-debian-gcc 0.2.8 40.97 397.09 438.06 OK
r-devel-linux-x86_64-fedora-clang 0.2.8 670.25 NOTE
r-devel-linux-x86_64-fedora-gcc 0.2.8 666.18 NOTE
r-devel-windows-x86_64 0.2.8 70.00 627.00 697.00 OK
r-devel-windows-x86_64-gcc10-UCRT 0.2.8 NOTE
r-patched-linux-x86_64 0.2.8 43.42 509.81 553.23 OK
r-patched-solaris-x86 0.2.8 771.10 NOTE
r-release-linux-x86_64 0.2.8 43.61 511.82 555.43 OK
r-release-macos-arm64 0.2.8 NOTE
r-release-macos-x86_64 0.2.8 NOTE
r-release-windows-ix86+x86_64 0.2.8 72.00 627.00 699.00 OK
r-oldrel-macos-x86_64 0.2.8 NOTE
r-oldrel-windows-ix86+x86_64 0.2.8 66.00 477.00 543.00 OK

Check Details

Version: 0.2.8
Check: dependencies in R code
Result: NOTE
    Namespace in Imports field not imported from: ‘shinyFiles’
     All declared Imports should be used.
Flavors: r-devel-linux-x86_64-fedora-clang, r-devel-linux-x86_64-fedora-gcc, r-devel-windows-x86_64-gcc10-UCRT, r-patched-solaris-x86, r-release-macos-arm64, r-release-macos-x86_64, r-oldrel-macos-x86_64