CRAN Package Check Results for Package ScriptMapR

Last updated on 2021-09-20 07:51:00 CEST.

Flavor Version Tinstall Tcheck Ttotal Status Flags
r-devel-linux-x86_64-debian-clang 0.0.3 16.52 132.93 149.45 NOTE
r-devel-linux-x86_64-debian-gcc 0.0.3 14.63 98.17 112.80 NOTE
r-devel-linux-x86_64-fedora-clang 0.0.3 187.88 NOTE
r-devel-linux-x86_64-fedora-gcc 0.0.3 174.44 NOTE
r-devel-windows-x86_64 0.0.3 19.00 118.00 137.00 NOTE
r-devel-windows-x86_64-gcc10-UCRT 0.0.3 ERROR
r-patched-linux-x86_64 0.0.3 17.61 124.26 141.87 NOTE
r-patched-solaris-x86 0.0.3 254.90 NOTE
r-release-linux-x86_64 0.0.3 13.83 125.87 139.70 NOTE
r-release-macos-arm64 0.0.3 NOTE
r-release-macos-x86_64 0.0.3 NOTE
r-release-windows-ix86+x86_64 0.0.3 38.00 156.00 194.00 NOTE
r-oldrel-macos-x86_64 0.0.3 OK
r-oldrel-windows-ix86+x86_64 0.0.3 26.00 70.00 96.00 OK

Check Details

Version: 0.0.3
Check: LazyData
Result: NOTE
     'LazyData' is specified without a 'data' directory
Flavors: r-devel-linux-x86_64-debian-clang, r-devel-linux-x86_64-debian-gcc, r-devel-linux-x86_64-fedora-clang, r-devel-linux-x86_64-fedora-gcc, r-devel-windows-x86_64, r-patched-linux-x86_64, r-patched-solaris-x86, r-release-linux-x86_64, r-release-macos-arm64, r-release-macos-x86_64, r-release-windows-ix86+x86_64

Version: 0.0.3
Check: package dependencies
Result: ERROR
    Package required but not available: 'RCy3'
    
    See section 'The DESCRIPTION file' in the 'Writing R Extensions'
    manual.
Flavor: r-devel-windows-x86_64-gcc10-UCRT