CRAN Package Check Results for Package SimSCRPiecewise

Last updated on 2021-09-26 06:49:22 CEST.

Flavor Version Tinstall Tcheck Ttotal Status Flags
r-devel-linux-x86_64-debian-clang 0.1.1 2.24 21.46 23.70 NOTE
r-devel-linux-x86_64-debian-gcc 0.1.1 1.61 17.15 18.76 NOTE
r-devel-linux-x86_64-fedora-clang 0.1.1 38.34 NOTE
r-devel-linux-x86_64-fedora-gcc 0.1.1 27.14 NOTE
r-devel-windows-x86_64 0.1.1 3.00 24.00 27.00 NOTE
r-devel-windows-x86_64-gcc10-UCRT 0.1.1 NOTE
r-patched-linux-x86_64 0.1.1 2.42 21.09 23.51 NOTE
r-patched-solaris-x86 0.1.1 43.00 NOTE
r-release-linux-x86_64 0.1.1 2.13 21.20 23.33 NOTE
r-release-macos-arm64 0.1.1 NOTE
r-release-macos-x86_64 0.1.1 NOTE
r-release-windows-ix86+x86_64 0.1.1 5.00 34.00 39.00 NOTE
r-oldrel-macos-x86_64 0.1.1 OK
r-oldrel-windows-ix86+x86_64 0.1.1 5.00 32.00 37.00 OK

Check Details

Version: 0.1.1
Check: LazyData
Result: NOTE
     'LazyData' is specified without a 'data' directory
Flavors: r-devel-linux-x86_64-debian-clang, r-devel-linux-x86_64-debian-gcc, r-devel-linux-x86_64-fedora-clang, r-devel-linux-x86_64-fedora-gcc, r-devel-windows-x86_64, r-devel-windows-x86_64-gcc10-UCRT, r-patched-linux-x86_64, r-patched-solaris-x86, r-release-linux-x86_64, r-release-macos-arm64, r-release-macos-x86_64, r-release-windows-ix86+x86_64