CRAN Package Check Results for Package SpaDES.tools

Last updated on 2021-09-27 06:48:39 CEST.

Flavor Version Tinstall Tcheck Ttotal Status Flags
r-devel-linux-x86_64-debian-clang 0.3.8 46.20 269.16 315.36 OK
r-devel-linux-x86_64-debian-gcc 0.3.8 30.04 185.59 215.63 OK
r-devel-linux-x86_64-fedora-clang 0.3.8 393.87 NOTE
r-devel-linux-x86_64-fedora-gcc 0.3.8 364.04 NOTE
r-devel-windows-x86_64 0.3.8 52.00 198.00 250.00 OK
r-devel-windows-x86_64-gcc10-UCRT 0.3.8 NOTE
r-patched-linux-x86_64 0.3.8 45.25 240.21 285.46 OK
r-patched-solaris-x86 0.3.8 447.80 NOTE
r-release-linux-x86_64 0.3.8 33.89 236.11 270.00 OK
r-release-macos-arm64 0.3.8 NOTE
r-release-macos-x86_64 0.3.8 NOTE
r-release-windows-ix86+x86_64 0.3.8 99.00 423.00 522.00 OK
r-oldrel-macos-x86_64 0.3.8 NOTE
r-oldrel-windows-ix86+x86_64 0.3.8 69.00 316.00 385.00 OK

Additional issues

M1mac noSuggests

Check Details

Version: 0.3.8
Check: dependencies in R code
Result: NOTE
    Namespace in Imports field not imported from: ‘Require’
     All declared Imports should be used.
Flavors: r-devel-linux-x86_64-fedora-clang, r-devel-linux-x86_64-fedora-gcc, r-devel-windows-x86_64-gcc10-UCRT, r-patched-solaris-x86, r-release-macos-arm64, r-release-macos-x86_64, r-oldrel-macos-x86_64