CRAN Package Check Results for Package SparseFactorAnalysis

Last updated on 2021-09-17 06:48:58 CEST.

Flavor Version Tinstall Tcheck Ttotal Status Flags
r-devel-linux-x86_64-debian-clang 1.0 67.71 72.69 140.40 OK
r-devel-linux-x86_64-debian-gcc 1.0 45.39 52.95 98.34 OK
r-devel-linux-x86_64-fedora-clang 1.0 193.49 NOTE
r-devel-linux-x86_64-fedora-gcc 1.0 168.98 NOTE
r-devel-windows-x86_64 1.0 64.00 102.00 166.00 OK
r-devel-windows-x86_64-gcc10-UCRT 1.0 OK
r-patched-linux-x86_64 1.0 50.29 66.79 117.08 OK
r-patched-solaris-x86 1.0 188.00 OK
r-release-linux-x86_64 1.0 57.03 66.65 123.68 OK
r-release-macos-arm64 1.0 OK
r-release-macos-x86_64 1.0 OK
r-release-windows-ix86+x86_64 1.0 158.00 123.00 281.00 OK
r-oldrel-macos-x86_64 1.0 OK
r-oldrel-windows-ix86+x86_64 1.0 123.00 110.00 233.00 OK

Check Details

Version: 1.0
Check: compiled code
Result: NOTE
    File ‘SparseFactorAnalysis/libs/SparseFactorAnalysis.so’:
     Found no calls to: ‘R_registerRoutines’, ‘R_useDynamicSymbols’
    
    It is good practice to register native routines and to disable symbol
    search.
    
    See ‘Writing portable packages’ in the ‘Writing R Extensions’ manual.
Flavors: r-devel-linux-x86_64-fedora-clang, r-devel-linux-x86_64-fedora-gcc