CRAN Package Check Results for Package Spillover

Last updated on 2021-09-19 06:49:28 CEST.

Flavor Version Tinstall Tcheck Ttotal Status Flags
r-devel-linux-x86_64-debian-clang 0.1.0.1 3.36 41.30 44.66 OK
r-devel-linux-x86_64-debian-gcc 0.1.0.1 2.80 32.06 34.86 OK
r-devel-linux-x86_64-fedora-clang 0.1.0.1 62.40 OK
r-devel-linux-x86_64-fedora-gcc 0.1.0.1 51.84 OK
r-devel-windows-x86_64 0.1.0.1 5.00 59.00 64.00 OK
r-devel-windows-x86_64-gcc10-UCRT 0.1.0.1 ERROR
r-patched-linux-x86_64 0.1.0.1 3.68 39.67 43.35 OK
r-patched-solaris-x86 0.1.0.1 81.70 OK
r-release-linux-x86_64 0.1.0.1 3.46 39.32 42.78 OK
r-release-macos-arm64 0.1.0.1 OK
r-release-macos-x86_64 0.1.0.1 OK
r-release-windows-ix86+x86_64 0.1.0.1 9.00 62.00 71.00 OK
r-oldrel-macos-x86_64 0.1.0.1 OK
r-oldrel-windows-ix86+x86_64 0.1.0.1 8.00 48.00 56.00 OK

Check Details

Version: 0.1.0.1
Check: whether package can be installed
Result: WARN
    Found the following significant warnings:
     WARNING: installation-time patches will not be applied, could not get the patches index
Flavor: r-devel-windows-x86_64-gcc10-UCRT

Version: 0.1.0.1
Check: PDF version of manual
Result: WARN
    LaTeX errors when creating PDF version.
    This typically indicates Rd problems.
Flavor: r-devel-windows-x86_64-gcc10-UCRT

Version: 0.1.0.1
Check: PDF version of manual without hyperrefs or index
Result: ERROR
    Re-running with no redirection of stdout/stderr.
Flavor: r-devel-windows-x86_64-gcc10-UCRT