CRAN Package Check Results for Package StempCens

Last updated on 2021-09-21 06:48:54 CEST.

Flavor Version Tinstall Tcheck Ttotal Status Flags
r-devel-linux-x86_64-debian-clang 1.1.0 54.52 105.85 160.37 OK
r-devel-linux-x86_64-debian-gcc 1.1.0 42.21 78.75 120.96 OK
r-devel-linux-x86_64-fedora-clang 1.1.0 204.88 OK
r-devel-linux-x86_64-fedora-gcc 1.1.0 192.30 OK
r-devel-windows-x86_64 1.1.0 46.00 102.00 148.00 OK
r-devel-windows-x86_64-gcc10-UCRT 1.1.0 ERROR
r-patched-linux-x86_64 1.1.0 46.78 98.64 145.42 OK
r-patched-solaris-x86 1.1.0 237.40 OK
r-release-linux-x86_64 1.1.0 44.60 100.20 144.80 OK
r-release-macos-arm64 1.1.0 NOTE
r-release-macos-x86_64 1.1.0 OK
r-release-windows-ix86+x86_64 1.1.0 121.00 173.00 294.00 OK
r-oldrel-macos-x86_64 1.1.0 OK
r-oldrel-windows-ix86+x86_64 1.1.0 123.00 134.00 257.00 OK

Check Details

Version: 1.1.0
Check: whether package can be installed
Result: ERROR
    Installation failed.
Flavor: r-devel-windows-x86_64-gcc10-UCRT

Version: 1.1.0
Check: installed package size
Result: NOTE
     installed size is 5.1Mb
     sub-directories of 1Mb or more:
     libs 4.9Mb
Flavor: r-release-macos-arm64