CRAN Package Check Results for Package StreamMetabolism

Last updated on 2021-09-20 07:51:05 CEST.

Flavor Version Tinstall Tcheck Ttotal Status Flags
r-devel-linux-x86_64-debian-clang 1.1.2 3.35 39.56 42.91 OK
r-devel-linux-x86_64-debian-gcc 1.1.2 2.93 33.36 36.29 OK
r-devel-linux-x86_64-fedora-clang 1.1.2 64.95 OK
r-devel-linux-x86_64-fedora-gcc 1.1.2 53.91 OK
r-devel-windows-x86_64 1.1.2 8.00 66.00 74.00 OK
r-devel-windows-x86_64-gcc10-UCRT 1.1.2 ERROR
r-patched-linux-x86_64 1.1.2 3.97 38.22 42.19 OK
r-patched-solaris-x86 1.1.2 88.80 OK
r-release-linux-x86_64 1.1.2 3.42 38.22 41.64 OK
r-release-macos-arm64 1.1.2 OK
r-release-macos-x86_64 1.1.2 OK
r-release-windows-ix86+x86_64 1.1.2 23.00 99.00 122.00 OK
r-oldrel-macos-x86_64 1.1.2 OK
r-oldrel-windows-ix86+x86_64 1.1.2 21.00 106.00 127.00 OK

Check Details

Version: 1.1.2
Check: whether package can be installed
Result: WARN
    Found the following significant warnings:
     WARNING: installation-time patches will not be applied, could not get the patches index
Flavor: r-devel-windows-x86_64-gcc10-UCRT

Version: 1.1.2
Check: PDF version of manual
Result: WARN
    LaTeX errors when creating PDF version.
    This typically indicates Rd problems.
Flavor: r-devel-windows-x86_64-gcc10-UCRT

Version: 1.1.2
Check: PDF version of manual without hyperrefs or index
Result: ERROR
    Re-running with no redirection of stdout/stderr.
Flavor: r-devel-windows-x86_64-gcc10-UCRT