CRAN Package Check Results for Package String2AdjMatrix

Last updated on 2021-11-27 08:50:52 CET.

Flavor Version Tinstall Tcheck Ttotal Status Flags
r-devel-linux-x86_64-debian-clang 0.1.0 NOTE
r-devel-linux-x86_64-debian-gcc 0.1.0 1.21 15.92 17.13 NOTE
r-devel-linux-x86_64-fedora-clang 0.1.0 37.50 NOTE
r-devel-linux-x86_64-fedora-gcc 0.1.0 26.93 NOTE
r-devel-windows-x86_64-new-UL 0.1.0 7.00 54.00 61.00 NOTE
r-devel-windows-x86_64-new-TK 0.1.0 NOTE
r-devel-windows-x86_64-old 0.1.0 4.00 39.00 43.00 NOTE
r-patched-linux-x86_64 0.1.0 1.99 19.17 21.16 NOTE
r-patched-solaris-x86 0.1.0 45.30 NOTE
r-release-linux-x86_64 0.1.0 NOTE
r-release-macos-arm64 0.1.0 NOTE
r-release-macos-x86_64 0.1.0 NOTE
r-release-windows-ix86+x86_64 0.1.0 5.00 26.00 31.00 NOTE
r-oldrel-macos-x86_64 0.1.0 OK
r-oldrel-windows-ix86+x86_64 0.1.0 4.00 37.00 41.00 OK

Check Details

Version: 0.1.0
Check: LazyData
Result: NOTE
     'LazyData' is specified without a 'data' directory
Flavors: r-devel-linux-x86_64-debian-clang, r-devel-linux-x86_64-debian-gcc, r-devel-linux-x86_64-fedora-clang, r-devel-linux-x86_64-fedora-gcc, r-devel-windows-x86_64-new-UL, r-devel-windows-x86_64-new-TK, r-devel-windows-x86_64-old, r-patched-linux-x86_64, r-patched-solaris-x86, r-release-linux-x86_64, r-release-macos-arm64, r-release-macos-x86_64, r-release-windows-ix86+x86_64