CRAN Package Check Results for Package SurvCorr

Last updated on 2021-09-19 06:49:30 CEST.

Flavor Version Tinstall Tcheck Ttotal Status Flags
r-devel-linux-x86_64-debian-clang 1.0 10.41 109.39 119.80 NOTE
r-devel-linux-x86_64-debian-gcc 1.0 8.09 79.56 87.65 NOTE
r-devel-linux-x86_64-fedora-clang 1.0 150.75 NOTE
r-devel-linux-x86_64-fedora-gcc 1.0 137.93 NOTE
r-devel-windows-x86_64 1.0 13.00 119.00 132.00 NOTE
r-devel-windows-x86_64-gcc10-UCRT 1.0 ERROR
r-patched-linux-x86_64 1.0 10.12 101.01 111.13 NOTE
r-patched-solaris-x86 1.0 195.40 NOTE
r-release-linux-x86_64 1.0 8.82 101.05 109.87 NOTE
r-release-macos-arm64 1.0 NOTE
r-release-macos-x86_64 1.0 NOTE
r-release-windows-ix86+x86_64 1.0 26.00 121.00 147.00 NOTE
r-oldrel-macos-x86_64 1.0 NOTE
r-oldrel-windows-ix86+x86_64 1.0 27.00 97.00 124.00 NOTE

Check Details

Version: 1.0
Check: R code for possible problems
Result: NOTE
    pearson: no visible global function definition for 'cor'
    plot.survcorr: no visible global function definition for 'pnorm'
    plot.survcorr: no visible global function definition for 'par'
    plot.survcorr: no visible global function definition for 'points'
    survcorr: no visible global function definition for 'model.frame'
    survcorr: no visible global function definition for 'qnorm'
    survcorr: no visible global function definition for 'runif'
    survcorr: no visible global function definition for 'pnorm'
    survcorr: no visible global function definition for 'var'
    survcorr: no visible global function definition for 'qt'
    Undefined global functions or variables:
     cor model.frame par pnorm points qnorm qt runif var
    Consider adding
     importFrom("graphics", "par", "points")
     importFrom("stats", "cor", "model.frame", "pnorm", "qnorm", "qt",
     "runif", "var")
    to your NAMESPACE file.
Flavors: r-devel-linux-x86_64-debian-clang, r-devel-linux-x86_64-debian-gcc, r-devel-linux-x86_64-fedora-clang, r-devel-linux-x86_64-fedora-gcc, r-devel-windows-x86_64, r-devel-windows-x86_64-gcc10-UCRT, r-patched-linux-x86_64, r-patched-solaris-x86, r-release-linux-x86_64, r-release-macos-arm64, r-release-macos-x86_64, r-release-windows-ix86+x86_64, r-oldrel-macos-x86_64, r-oldrel-windows-ix86+x86_64

Version: 1.0
Check: whether package can be installed
Result: WARN
    Found the following significant warnings:
     WARNING: installation-time patches will not be applied, could not get the patches index
Flavor: r-devel-windows-x86_64-gcc10-UCRT

Version: 1.0
Check: PDF version of manual
Result: WARN
    LaTeX errors when creating PDF version.
    This typically indicates Rd problems.
Flavor: r-devel-windows-x86_64-gcc10-UCRT

Version: 1.0
Check: PDF version of manual without hyperrefs or index
Result: ERROR
    Re-running with no redirection of stdout/stderr.
Flavor: r-devel-windows-x86_64-gcc10-UCRT