CRAN Package Check Results for Package SwimmeR

Last updated on 2021-09-19 06:49:30 CEST.

Flavor Version Tinstall Tcheck Ttotal Status Flags
r-devel-linux-x86_64-debian-clang 0.12.0 12.41 130.07 142.48 OK
r-devel-linux-x86_64-debian-gcc 0.12.0 11.74 94.63 106.37 OK
r-devel-linux-x86_64-fedora-clang 0.12.0 177.70 OK
r-devel-linux-x86_64-fedora-gcc 0.12.0 164.73 OK
r-devel-windows-x86_64 0.12.0 14.00 144.00 158.00 OK
r-devel-windows-x86_64-gcc10-UCRT 0.12.0 ERROR
r-patched-linux-x86_64 0.12.0 9.57 121.86 131.43 OK
r-patched-solaris-x86 0.12.0 288.90 OK
r-release-linux-x86_64 0.12.0 12.03 123.25 135.28 OK
r-release-macos-arm64 0.12.0 OK
r-release-macos-x86_64 0.12.0 OK
r-release-windows-ix86+x86_64 0.12.0 26.00 148.00 174.00 OK
r-oldrel-macos-x86_64 0.12.0 OK
r-oldrel-windows-ix86+x86_64 0.12.0 29.00 161.00 190.00 OK

Check Details

Version: 0.12.0
Check: whether package can be installed
Result: WARN
    Found the following significant warnings:
     WARNING: installation-time patches will not be applied, could not get the patches index
Flavor: r-devel-windows-x86_64-gcc10-UCRT

Version: 0.12.0
Check: PDF version of manual
Result: WARN
    LaTeX errors when creating PDF version.
    This typically indicates Rd problems.
Flavor: r-devel-windows-x86_64-gcc10-UCRT

Version: 0.12.0
Check: PDF version of manual without hyperrefs or index
Result: ERROR
    Re-running with no redirection of stdout/stderr.
Flavor: r-devel-windows-x86_64-gcc10-UCRT