CRAN Package Check Results for Package TAF

Last updated on 2021-09-27 06:48:40 CEST.

Flavor Version Tinstall Tcheck Ttotal Status Flags
r-devel-linux-x86_64-debian-clang 4.0.0 3.96 39.14 43.10 OK
r-devel-linux-x86_64-debian-gcc 4.0.0 3.08 30.60 33.68 OK
r-devel-linux-x86_64-fedora-clang 4.0.0 61.45 NOTE
r-devel-linux-x86_64-fedora-gcc 4.0.0 51.31 OK
r-devel-windows-x86_64 4.0.0 6.00 43.00 49.00 OK
r-devel-windows-x86_64-gcc10-UCRT 4.0.0 OK
r-patched-linux-x86_64 4.0.0 4.29 38.31 42.60 OK
r-patched-solaris-x86 4.0.0 73.30 OK
r-release-linux-x86_64 4.0.0 3.85 38.06 41.91 OK
r-release-macos-arm64 4.0.0 OK
r-release-macos-x86_64 4.0.0 OK
r-release-windows-ix86+x86_64 4.0.0 9.00 56.00 65.00 OK
r-oldrel-macos-x86_64 4.0.0 OK
r-oldrel-windows-ix86+x86_64 4.0.0 6.00 45.00 51.00 OK

Check Details

Version: 4.0.0
Check: Rd cross-references
Result: NOTE
    Undeclared package ‘icesAdvice’ in Rd xrefs
Flavor: r-devel-linux-x86_64-fedora-clang