CRAN Package Check Results for Package TSMining

Last updated on 2021-09-21 06:48:57 CEST.

Flavor Version Tinstall Tcheck Ttotal Status Flags
r-devel-linux-x86_64-debian-clang 1.0 5.60 74.45 80.05 NOTE
r-devel-linux-x86_64-debian-gcc 1.0 4.41 54.89 59.30 NOTE
r-devel-linux-x86_64-fedora-clang 1.0 104.64 NOTE
r-devel-linux-x86_64-fedora-gcc 1.0 88.76 NOTE
r-devel-windows-x86_64 1.0 7.00 72.00 79.00 NOTE
r-devel-windows-x86_64-gcc10-UCRT 1.0 ERROR
r-patched-linux-x86_64 1.0 5.24 67.34 72.58 NOTE
r-patched-solaris-x86 1.0 123.80 NOTE
r-release-linux-x86_64 1.0 5.65 68.66 74.31 NOTE
r-release-macos-arm64 1.0 NOTE
r-release-macos-x86_64 1.0 NOTE
r-release-windows-ix86+x86_64 1.0 15.00 90.00 105.00 NOTE
r-oldrel-macos-x86_64 1.0 NOTE
r-oldrel-windows-ix86+x86_64 1.0 16.00 94.00 110.00 NOTE

Check Details

Version: 1.0
Check: R code for possible problems
Result: NOTE
    Func.SAX: no visible global function definition for 'sd'
    Func.SAX: no visible global function definition for 'qnorm'
    Func.matrix: no visible global function definition for 'qnorm'
    Func.motif: no visible global function definition for 'sd'
    Func.motif: no visible global function definition for 'na.omit'
    Func.motif: no visible global function definition for 'combn'
    Func.motif.multivariate: no visible global function definition for
     'txtProgressBar'
    Func.motif.multivariate: no visible global function definition for
     'setTxtProgressBar'
    Undefined global functions or variables:
     combn na.omit qnorm sd setTxtProgressBar txtProgressBar
    Consider adding
     importFrom("stats", "na.omit", "qnorm", "sd")
     importFrom("utils", "combn", "setTxtProgressBar", "txtProgressBar")
    to your NAMESPACE file.
Flavors: r-devel-linux-x86_64-debian-clang, r-devel-linux-x86_64-debian-gcc, r-devel-linux-x86_64-fedora-clang, r-devel-linux-x86_64-fedora-gcc, r-devel-windows-x86_64, r-devel-windows-x86_64-gcc10-UCRT, r-patched-linux-x86_64, r-patched-solaris-x86, r-release-linux-x86_64, r-release-macos-arm64, r-release-macos-x86_64, r-release-windows-ix86+x86_64, r-oldrel-macos-x86_64, r-oldrel-windows-ix86+x86_64

Version: 1.0
Check: whether package can be installed
Result: WARN
    Found the following significant warnings:
     WARNING: installation-time patches will not be applied, could not get the patches index
Flavor: r-devel-windows-x86_64-gcc10-UCRT

Version: 1.0
Check: PDF version of manual
Result: WARN
    LaTeX errors when creating PDF version.
    This typically indicates Rd problems.
Flavor: r-devel-windows-x86_64-gcc10-UCRT

Version: 1.0
Check: PDF version of manual without hyperrefs or index
Result: ERROR
    Re-running with no redirection of stdout/stderr.
Flavor: r-devel-windows-x86_64-gcc10-UCRT