CRAN Package Check Results for Package TSP

Last updated on 2021-09-21 06:48:57 CEST.

Flavor Version Tinstall Tcheck Ttotal Status Flags
r-devel-linux-x86_64-debian-clang 1.1-10 4.89 51.47 56.36 OK
r-devel-linux-x86_64-debian-gcc 1.1-10 3.35 39.65 43.00 OK
r-devel-linux-x86_64-fedora-clang 1.1-10 76.37 OK
r-devel-linux-x86_64-fedora-gcc 1.1-10 64.15 OK
r-devel-windows-x86_64 1.1-10 6.00 61.00 67.00 OK
r-devel-windows-x86_64-gcc10-UCRT 1.1-10 ERROR
r-patched-linux-x86_64 1.1-10 4.58 49.14 53.72 OK
r-patched-solaris-x86 1.1-10 95.50 OK
r-release-linux-x86_64 1.1-10 3.83 49.45 53.28 OK
r-release-macos-arm64 1.1-10 OK
r-release-macos-x86_64 1.1-10 OK
r-release-windows-ix86+x86_64 1.1-10 12.00 82.00 94.00 OK
r-oldrel-macos-x86_64 1.1-10 OK
r-oldrel-windows-ix86+x86_64 1.1-10 12.00 84.00 96.00 OK

Check Details

Version: 1.1-10
Check: whether package can be installed
Result: ERROR
    Installation failed.
Flavor: r-devel-windows-x86_64-gcc10-UCRT