CRAN Package Check Results for Package TSTr

Last updated on 2021-11-27 06:50:45 CET.

Flavor Version Tinstall Tcheck Ttotal Status Flags
r-devel-linux-x86_64-debian-clang 1.2 NOTE
r-devel-linux-x86_64-debian-gcc 1.2 2.96 28.30 31.26 NOTE
r-devel-linux-x86_64-fedora-clang 1.2 60.38 NOTE
r-devel-linux-x86_64-fedora-gcc 1.2 48.32 NOTE
r-devel-windows-x86_64-new-UL 1.2 10.00 83.00 93.00 OK
r-devel-windows-x86_64-new-TK 1.2 OK
r-devel-windows-x86_64-old 1.2 6.00 133.00 139.00 OK
r-patched-linux-x86_64 1.2 3.32 32.34 35.66 NOTE
r-patched-solaris-x86 1.2 67.50 NOTE
r-release-linux-x86_64 1.2 NOTE
r-release-macos-arm64 1.2 OK
r-release-macos-x86_64 1.2 OK
r-release-windows-ix86+x86_64 1.2 9.00 51.00 60.00 OK
r-oldrel-macos-x86_64 1.2 OK
r-oldrel-windows-ix86+x86_64 1.2 6.00 51.00 57.00 OK

Check Details

Version: 1.2
Check: for non-standard things in the check directory
Result: NOTE
    Found the following files/directories:
     'XMIwords.txt'
Flavors: r-devel-linux-x86_64-debian-clang, r-devel-linux-x86_64-debian-gcc, r-devel-linux-x86_64-fedora-clang, r-devel-linux-x86_64-fedora-gcc, r-patched-linux-x86_64, r-patched-solaris-x86, r-release-linux-x86_64