CRAN Package Check Results for Package TeXCheckR

Last updated on 2021-09-21 06:48:55 CEST.

Flavor Version Tinstall Tcheck Ttotal Status Flags
r-devel-linux-x86_64-debian-clang 0.7.0 9.10 84.68 93.78 OK
r-devel-linux-x86_64-debian-gcc 0.7.0 7.21 59.87 67.08 OK
r-devel-linux-x86_64-fedora-clang 0.7.0 117.82 OK
r-devel-linux-x86_64-fedora-gcc 0.7.0 97.58 OK
r-devel-windows-x86_64 0.7.0 12.00 70.00 82.00 OK
r-devel-windows-x86_64-gcc10-UCRT 0.7.0 ERROR
r-patched-linux-x86_64 0.7.0 11.24 75.59 86.83 OK
r-patched-solaris-x86 0.7.0 129.40 OK
r-release-linux-x86_64 0.7.0 8.19 75.29 83.48 OK
r-release-macos-arm64 0.7.0 OK
r-release-macos-x86_64 0.7.0 OK
r-release-windows-ix86+x86_64 0.7.0 16.00 93.00 109.00 OK
r-oldrel-macos-x86_64 0.7.0 OK
r-oldrel-windows-ix86+x86_64 0.7.0 17.00 76.00 93.00 OK

Check Details

Version: 0.7.0
Check: whether package can be installed
Result: WARN
    Found the following significant warnings:
     WARNING: installation-time patches will not be applied, could not get the patches index
Flavor: r-devel-windows-x86_64-gcc10-UCRT

Version: 0.7.0
Check: PDF version of manual
Result: WARN
    LaTeX errors when creating PDF version.
    This typically indicates Rd problems.
Flavor: r-devel-windows-x86_64-gcc10-UCRT

Version: 0.7.0
Check: PDF version of manual without hyperrefs or index
Result: ERROR
    Re-running with no redirection of stdout/stderr.
Flavor: r-devel-windows-x86_64-gcc10-UCRT