Last updated on 2023-06-01 02:54:03 CEST.
Flavor | Version | Tinstall | Tcheck | Ttotal | Status | Flags |
---|---|---|---|---|---|---|
r-devel-linux-x86_64-debian-clang | 2.12 | 14.74 | 96.54 | 111.28 | NOTE | |
r-devel-linux-x86_64-debian-gcc | 2.12 | 11.40 | 73.98 | 85.38 | NOTE | |
r-devel-linux-x86_64-fedora-clang | 2.12 | 142.62 | NOTE | |||
r-devel-linux-x86_64-fedora-gcc | 2.12 | 149.06 | NOTE | |||
r-devel-windows-x86_64 | 2.12 | 18.00 | 98.00 | 116.00 | NOTE | |
r-patched-linux-x86_64 | 2.12 | NOTE | ||||
r-release-linux-x86_64 | 2.12 | 13.76 | 94.40 | 108.16 | NOTE | |
r-release-macos-arm64 | 2.12 | 41.00 | NOTE | |||
r-release-macos-x86_64 | 2.12 | 66.00 | NOTE | |||
r-release-windows-x86_64 | 2.12 | 15.00 | 119.00 | 134.00 | NOTE | |
r-oldrel-macos-arm64 | 2.12 | 38.00 | NOTE | |||
r-oldrel-macos-x86_64 | 2.12 | 52.00 | NOTE | |||
r-oldrel-windows-x86_64 | 2.12 | 17.00 | 118.00 | 135.00 | OK |
Version: 2.12
Check: package dependencies
Result: NOTE
Package suggested but not available for checking: ‘R2wd’
Flavors: r-devel-linux-x86_64-debian-clang, r-devel-linux-x86_64-debian-gcc, r-devel-linux-x86_64-fedora-clang, r-devel-linux-x86_64-fedora-gcc, r-patched-linux-x86_64, r-release-linux-x86_64, r-release-macos-arm64, r-release-macos-x86_64, r-oldrel-macos-arm64, r-oldrel-macos-x86_64
Version: 2.12
Check: Rd files
Result: NOTE
checkRd: (-1) R2txt.Rd:164: Escaped LaTeX specials: \#
checkRd: (-1) bct.Rd:18: Escaped LaTeX specials: \^
checkRd: (-1) bct.Rd:19: Escaped LaTeX specials: \^
checkRd: (-1) ineq.Rd:10: Escaped LaTeX specials: \&
checkRd: (-1) put.points.demo.Rd:39: Escaped LaTeX specials: \^
checkRd: (-1) run.cor.examp.Rd:10: Escaped LaTeX specials: \^
checkRd: (-1) run.cor.examp.Rd:31: Escaped LaTeX specials: \^
Flavors: r-devel-linux-x86_64-debian-clang, r-devel-linux-x86_64-debian-gcc, r-devel-linux-x86_64-fedora-clang, r-devel-linux-x86_64-fedora-gcc, r-devel-windows-x86_64, r-patched-linux-x86_64, r-release-linux-x86_64, r-release-macos-arm64, r-release-macos-x86_64, r-release-windows-x86_64