CRAN Package Check Results for Package TextMiningGUI

Last updated on 2021-10-22 12:59:31 CEST.

Flavor Version Tinstall Tcheck Ttotal Status Flags
r-devel-linux-x86_64-debian-clang 0.3 16.63 110.35 126.98 OK
r-devel-linux-x86_64-debian-gcc 0.3 12.97 85.45 98.42 OK
r-devel-linux-x86_64-fedora-clang 0.3 166.07 OK
r-devel-linux-x86_64-fedora-gcc 0.3 151.24 OK
r-devel-windows-x86_64 0.3 25.00 123.00 148.00 OK
r-devel-windows-x86_64-gcc10-UCRT 0.3 NOTE
r-patched-linux-x86_64 0.3 16.68 106.22 122.90 OK
r-patched-solaris-x86 0.3 203.30 OK
r-release-linux-x86_64 0.3 15.88 106.13 122.01 OK
r-release-macos-arm64 0.3 OK
r-release-macos-x86_64 0.3 OK
r-release-windows-ix86+x86_64 0.3 33.00 125.00 158.00 OK
r-oldrel-macos-x86_64 0.3 OK
r-oldrel-windows-ix86+x86_64 0.3 30.00 134.00 164.00 OK

Check Details

Version: 0.3
Check: package dependencies
Result: NOTE
    Packages suggested but not available for checking: 'igraph', 'ggraph'
Flavor: r-devel-windows-x86_64-gcc10-UCRT