CRAN Package Check Results for Package ThreeWay

Last updated on 2021-09-22 06:48:52 CEST.

Flavor Version Tinstall Tcheck Ttotal Status Flags
r-devel-linux-x86_64-debian-clang 1.1.3 14.01 85.34 99.35 OK
r-devel-linux-x86_64-debian-gcc 1.1.3 11.68 62.43 74.11 OK
r-devel-linux-x86_64-fedora-clang 1.1.3 135.49 OK
r-devel-linux-x86_64-fedora-gcc 1.1.3 115.61 OK
r-devel-windows-x86_64 1.1.3 26.00 70.00 96.00 OK
r-devel-windows-x86_64-gcc10-UCRT 1.1.3 ERROR
r-patched-linux-x86_64 1.1.3 13.64 80.73 94.37 OK
r-patched-solaris-x86 1.1.3 143.50 OK
r-release-linux-x86_64 1.1.3 13.49 80.72 94.21 OK
r-release-macos-arm64 1.1.3 OK
r-release-macos-x86_64 1.1.3 OK
r-release-windows-ix86+x86_64 1.1.3 25.00 94.00 119.00 OK
r-oldrel-macos-x86_64 1.1.3 OK
r-oldrel-windows-ix86+x86_64 1.1.3 18.00 94.00 112.00 OK

Check Details

Version: 1.1.3
Check: PDF version of manual
Result: WARN
    LaTeX errors when creating PDF version.
    This typically indicates Rd problems.
Flavor: r-devel-windows-x86_64-gcc10-UCRT

Version: 1.1.3
Check: PDF version of manual without hyperrefs or index
Result: ERROR
    Re-running with no redirection of stdout/stderr.
Flavor: r-devel-windows-x86_64-gcc10-UCRT