Last updated on 2025-01-26 00:49:36 CET.
Flavor | Version | Tinstall | Tcheck | Ttotal | Status | Flags |
---|---|---|---|---|---|---|
r-devel-linux-x86_64-debian-clang | 1.1.4 | 9.02 | 96.17 | 105.19 | NOTE | |
r-devel-linux-x86_64-debian-gcc | 1.1.4 | 7.07 | 70.48 | 77.55 | NOTE | |
r-devel-linux-x86_64-fedora-clang | 1.1.4 | 168.76 | OK | |||
r-devel-linux-x86_64-fedora-gcc | 1.1.4 | 176.90 | OK | |||
r-devel-windows-x86_64 | 1.1.4 | 12.00 | 115.00 | 127.00 | NOTE | |
r-patched-linux-x86_64 | 1.1.4 | 12.96 | 91.69 | 104.65 | OK | |
r-release-linux-x86_64 | 1.1.4 | 9.10 | 90.82 | 99.92 | OK | |
r-release-macos-arm64 | 1.1.4 | 58.00 | OK | |||
r-release-macos-x86_64 | 1.1.4 | 89.00 | OK | |||
r-release-windows-x86_64 | 1.1.4 | 12.00 | 117.00 | 129.00 | OK | |
r-oldrel-macos-arm64 | 1.1.4 | 64.00 | OK | |||
r-oldrel-macos-x86_64 | 1.1.4 | 162.00 | OK | |||
r-oldrel-windows-x86_64 | 1.1.4 | 15.00 | 136.00 | 151.00 | OK |
Version: 1.1.4
Check: Rd cross-references
Result: NOTE
Found the following Rd file(s) with Rd \link{} targets missing package
anchors:
Reaper-class.Rd: distanceMatrix, PCDimension
SimThresher-class.Rd: AuerGervini
Thresher-class.Rd: distanceMatrix, AuerGervini, PCDimension,
AuerGervini-class
matchLabels.Rd: distanceMatrix
Please provide package anchors for all Rd \link{} targets not in the
package itself and the base packages.
Flavors: r-devel-linux-x86_64-debian-clang, r-devel-linux-x86_64-debian-gcc, r-devel-windows-x86_64