CRAN Package Check Results for Package TideTables

Last updated on 2021-09-19 06:49:31 CEST.

Flavor Version Tinstall Tcheck Ttotal Status Flags
r-devel-linux-x86_64-debian-clang 0.0.3 3.65 41.49 45.14 OK
r-devel-linux-x86_64-debian-gcc 0.0.3 2.67 30.97 33.64 OK
r-devel-linux-x86_64-fedora-clang 0.0.3 65.09 OK
r-devel-linux-x86_64-fedora-gcc 0.0.3 49.44 OK
r-devel-windows-x86_64 0.0.3 10.00 52.00 62.00 OK
r-devel-windows-x86_64-gcc10-UCRT 0.0.3 ERROR
r-patched-linux-x86_64 0.0.3 3.65 37.74 41.39 OK
r-patched-solaris-x86 0.0.3 71.40 OK
r-release-linux-x86_64 0.0.3 3.76 37.63 41.39 OK
r-release-macos-arm64 0.0.3 OK
r-release-macos-x86_64 0.0.3 OK
r-release-windows-ix86+x86_64 0.0.3 7.00 53.00 60.00 OK
r-oldrel-macos-x86_64 0.0.3 OK
r-oldrel-windows-ix86+x86_64 0.0.3 7.00 42.00 49.00 OK

Check Details

Version: 0.0.3
Check: whether package can be installed
Result: WARN
    Found the following significant warnings:
     WARNING: installation-time patches will not be applied, could not get the patches index
Flavor: r-devel-windows-x86_64-gcc10-UCRT

Version: 0.0.3
Check: PDF version of manual
Result: WARN
    LaTeX errors when creating PDF version.
    This typically indicates Rd problems.
Flavor: r-devel-windows-x86_64-gcc10-UCRT

Version: 0.0.3
Check: PDF version of manual without hyperrefs or index
Result: ERROR
    Re-running with no redirection of stdout/stderr.
Flavor: r-devel-windows-x86_64-gcc10-UCRT