CRAN Package Check Results for Package Tplyr

Last updated on 2021-09-20 07:51:07 CEST.

Flavor Version Tinstall Tcheck Ttotal Status Flags
r-devel-linux-x86_64-debian-clang 0.4.1 8.71 176.21 184.92 OK
r-devel-linux-x86_64-debian-gcc 0.4.1 8.16 128.04 136.20 OK
r-devel-linux-x86_64-fedora-clang 0.4.1 230.85 OK
r-devel-linux-x86_64-fedora-gcc 0.4.1 208.44 OK
r-devel-windows-x86_64 0.4.1 11.00 150.00 161.00 OK
r-devel-windows-x86_64-gcc10-UCRT 0.4.1 ERROR
r-patched-linux-x86_64 0.4.1 10.87 180.67 191.54 OK
r-patched-solaris-x86 0.4.1 281.60 OK
r-release-linux-x86_64 0.4.1 8.12 179.89 188.01 OK
r-release-macos-arm64 0.4.1 OK
r-release-macos-x86_64 0.4.1 OK
r-release-windows-ix86+x86_64 0.4.1 19.00 223.00 242.00 OK
r-oldrel-macos-x86_64 0.4.1 OK
r-oldrel-windows-ix86+x86_64 0.4.1 20.00 229.00 249.00 OK

Check Details

Version: 0.4.1
Check: whether package can be installed
Result: WARN
    Found the following significant warnings:
     WARNING: installation-time patches will not be applied, could not get the patches index
Flavor: r-devel-windows-x86_64-gcc10-UCRT

Version: 0.4.1
Check: PDF version of manual
Result: WARN
    LaTeX errors when creating PDF version.
    This typically indicates Rd problems.
Flavor: r-devel-windows-x86_64-gcc10-UCRT

Version: 0.4.1
Check: PDF version of manual without hyperrefs or index
Result: ERROR
    Re-running with no redirection of stdout/stderr.
Flavor: r-devel-windows-x86_64-gcc10-UCRT