CRAN Package Check Results for Package TransPhylo

Last updated on 2021-09-21 06:48:56 CEST.

Flavor Version Tinstall Tcheck Ttotal Status Flags
r-devel-linux-x86_64-debian-clang 1.4.5 36.09 93.18 129.27 OK
r-devel-linux-x86_64-debian-gcc 1.4.5 21.87 69.02 90.89 OK
r-devel-linux-x86_64-fedora-clang 1.4.5 173.82 OK
r-devel-linux-x86_64-fedora-gcc 1.4.5 155.47 OK
r-devel-windows-x86_64 1.4.5 34.00 107.00 141.00 OK
r-devel-windows-x86_64-gcc10-UCRT 1.4.5 ERROR
r-patched-linux-x86_64 1.4.5 29.53 86.43 115.96 OK
r-patched-solaris-x86 1.4.5 183.00 OK
r-release-linux-x86_64 1.4.5 28.23 87.08 115.31 OK
r-release-macos-arm64 1.4.5 OK
r-release-macos-x86_64 1.4.5 OK
r-release-windows-ix86+x86_64 1.4.5 80.00 150.00 230.00 OK
r-oldrel-macos-x86_64 1.4.5 OK
r-oldrel-windows-ix86+x86_64 1.4.5 77.00 148.00 225.00 OK

Check Details

Version: 1.4.5
Check: whether package can be installed
Result: ERROR
    Installation failed.
Flavor: r-devel-windows-x86_64-gcc10-UCRT