CRAN Package Check Results for Package UpSetR

Last updated on 2021-10-22 12:59:33 CEST.

Flavor Version Tinstall Tcheck Ttotal Status Flags
r-devel-linux-x86_64-debian-clang 1.4.0 8.80 124.86 133.66 NOTE
r-devel-linux-x86_64-debian-gcc 1.4.0 6.73 88.07 94.80 NOTE
r-devel-linux-x86_64-fedora-clang 1.4.0 158.07 NOTE
r-devel-linux-x86_64-fedora-gcc 1.4.0 149.29 NOTE
r-devel-windows-x86_64 1.4.0 13.00 149.00 162.00 NOTE
r-devel-windows-x86_64-gcc10-UCRT 1.4.0 NOTE
r-patched-linux-x86_64 1.4.0 7.11 61.81 68.92 NOTE
r-patched-solaris-x86 1.4.0 191.50 NOTE
r-release-linux-x86_64 1.4.0 8.48 62.19 70.67 NOTE
r-release-macos-arm64 1.4.0 NOTE
r-release-macos-x86_64 1.4.0 NOTE
r-release-windows-ix86+x86_64 1.4.0 18.00 86.00 104.00 NOTE
r-oldrel-macos-x86_64 1.4.0 NOTE
r-oldrel-windows-ix86+x86_64 1.4.0 21.00 87.00 108.00 NOTE

Check Details

Version: 1.4.0
Check: LazyData
Result: NOTE
     'LazyData' is specified without a 'data' directory
Flavors: r-devel-linux-x86_64-debian-clang, r-devel-linux-x86_64-debian-gcc, r-devel-linux-x86_64-fedora-clang, r-devel-linux-x86_64-fedora-gcc, r-devel-windows-x86_64, r-devel-windows-x86_64-gcc10-UCRT, r-patched-linux-x86_64, r-patched-solaris-x86, r-release-linux-x86_64, r-release-macos-arm64, r-release-macos-x86_64, r-release-windows-ix86+x86_64

Version: 1.4.0
Check: installed package size
Result: NOTE
     installed size is 8.1Mb
     sub-directories of 1Mb or more:
     doc 7.6Mb
Flavors: r-devel-linux-x86_64-fedora-clang, r-devel-windows-x86_64, r-patched-solaris-x86, r-release-macos-arm64, r-release-macos-x86_64, r-release-windows-ix86+x86_64, r-oldrel-macos-x86_64, r-oldrel-windows-ix86+x86_64