Last updated on 2023-05-28 01:54:12 CEST.
Flavor | Version | Tinstall | Tcheck | Ttotal | Status | Flags |
---|---|---|---|---|---|---|
r-devel-linux-x86_64-debian-clang | 1.0 | 38.78 | 78.08 | 116.86 | NOTE | |
r-devel-linux-x86_64-debian-gcc | 1.0 | 31.66 | 60.13 | 91.79 | NOTE | |
r-devel-linux-x86_64-fedora-clang | 1.0 | 157.51 | NOTE | |||
r-devel-linux-x86_64-fedora-gcc | 1.0 | 179.24 | NOTE | |||
r-devel-windows-x86_64 | 1.0 | 32.00 | 100.00 | 132.00 | NOTE | |
r-patched-linux-x86_64 | 1.0 | 32.05 | 74.73 | 106.78 | NOTE | |
r-release-linux-x86_64 | 1.0 | 31.64 | 74.71 | 106.35 | NOTE | |
r-release-macos-arm64 | 1.0 | 48.00 | NOTE | |||
r-release-macos-x86_64 | 1.0 | 70.00 | NOTE | |||
r-release-windows-x86_64 | 1.0 | 41.00 | 112.00 | 153.00 | NOTE | |
r-oldrel-macos-arm64 | 1.0 | 44.00 | OK | |||
r-oldrel-macos-x86_64 | 1.0 | 54.00 | OK | |||
r-oldrel-windows-x86_64 | 1.0 | 40.00 | 106.00 | 146.00 | OK |
Version: 1.0
Check: C++ specification
Result: NOTE
Specified C++11: please drop specification unless essential
Flavors: r-devel-linux-x86_64-debian-clang, r-devel-linux-x86_64-debian-gcc, r-devel-linux-x86_64-fedora-clang, r-devel-linux-x86_64-fedora-gcc, r-devel-windows-x86_64, r-patched-linux-x86_64, r-release-linux-x86_64, r-release-macos-arm64, r-release-macos-x86_64, r-release-windows-x86_64